{"id":182,"date":"2017-07-06T15:44:24","date_gmt":"2017-07-06T15:44:24","guid":{"rendered":"http:\/\/electroserv.ancorathemes.com\/?page_id=182"},"modified":"2020-06-15T15:02:15","modified_gmt":"2020-06-15T13:02:15","slug":"commercial","status":"publish","type":"page","link":"https:\/\/www.instalacjeelektryczne.net\/?page_id=182","title":{"rendered":"Oferta"},"content":{"rendered":"<p>[vc_row full_width=&#8221;stretch_row&#8221; css=&#8221;.vc_custom_1499355578003{background-color: #f6f6f6 !important;}&#8221;][vc_column width=&#8221;1\/2&#8243; offset=&#8221;vc_col-sm-offset-3&#8243;]<div id=\"sc_title_83524767\"\n\t\tclass=\"sc_title color_style_default sc_title_default\"><h6 class=\"sc_item_subtitle sc_title_subtitle sc_align_center sc_item_title_style_default\">co robimy<\/h6><h3 class=\"sc_item_title sc_title_title sc_align_center sc_item_title_style_default\">Oferujemy kompleksowe us\u0142ugi elektryczne i teletechniczne<\/h3><\/div><!-- \/.sc_title -->[vc_empty_space alter_height=&#8221;medium&#8221; hide_on_desktop=&#8221;&#8221; hide_on_notebook=&#8221;&#8221; hide_on_tablet=&#8221;&#8221; hide_on_mobile=&#8221;&#8221; css=&#8221;.vc_custom_1504163214664{margin-top: 0.15rem !important;}&#8221;][\/vc_column][vc_column]<div id=\"sc_services_1120902931\" class=\"sc_services color_style_default sc_services_light sc_services_featured_left\"><div class=\"sc_services_columns_wrap sc_item_columns sc_item_columns_3 trx_addons_columns_wrap columns_padding_bottom\"><div class=\"trx_addons_column-1_3\"><div class=\"sc_services_item with_content with_icon sc_services_item_featured_left\">\n\t<a href=\"https:\/\/www.instalacjeelektryczne.net\/?cpt_services=new-system-installations\"\n\t\t\t id=\"sc_services_1120902931_icon-untitled-10\"\n\t\t\t class=\"sc_services_item_icon icon-untitled-10\"><\/a>\t\n\t<div class=\"sc_services_item_info\">\n\t\t<div class=\"sc_services_item_header\">\n\t\t\t\t\t\t<h6 class=\"sc_services_item_title\"><a href=\"https:\/\/www.instalacjeelektryczne.net\/?cpt_services=new-system-installations\">Instalacje elektryczne NN oraz SN<\/a><\/h6>\n\t\t\t<div class=\"sc_services_item_subtitle\"><a href=\"https:\/\/www.instalacjeelektryczne.net\/?cpt_services_group=commercial-services\" title=\"View all posts in Us\u0142ugi komercyjne\">Us\u0142ugi komercyjne<\/a><\/div>\t\t<\/div>\n\t\t\t\t\t<div class=\"sc_services_item_content\"><p>Firma ElektroMix oferuje kompleksowe wykonawstwo instalacji elektrycznych niskiego oraz \u015bredniego napi\u0119cia.<\/p>\n<\/div>\n\t\t\t<div class=\"sc_services_item_button sc_item_button\"><a href=\"https:\/\/www.instalacjeelektryczne.net\/?cpt_services=new-system-installations\" class=\"sc_button sc_button_simple\">Learn more<\/a><\/div>\n\t\t\t<\/div>\n<\/div>\n<\/div><div class=\"trx_addons_column-1_3\"><div class=\"sc_services_item with_content with_icon sc_services_item_featured_left\">\n\t<a href=\"https:\/\/www.instalacjeelektryczne.net\/?cpt_services=upgradesretrofitting\"\n\t\t\t id=\"sc_services_1120902931_icon-untitled-10\"\n\t\t\t class=\"sc_services_item_icon icon-untitled-10\"><\/a>\t\n\t<div class=\"sc_services_item_info\">\n\t\t<div class=\"sc_services_item_header\">\n\t\t\t\t\t\t<h6 class=\"sc_services_item_title\"><a href=\"https:\/\/www.instalacjeelektryczne.net\/?cpt_services=upgradesretrofitting\">Instalacje odgromowe i uziemienia<\/a><\/h6>\n\t\t\t<div class=\"sc_services_item_subtitle\"><a href=\"https:\/\/www.instalacjeelektryczne.net\/?cpt_services_group=commercial-services\" title=\"View all posts in Us\u0142ugi komercyjne\">Us\u0142ugi komercyjne<\/a><\/div>\t\t<\/div>\n\t\t\t\t\t<div class=\"sc_services_item_content\"><p>Firma ElekroMix bazuj\u0105c na wieloletnim do\u015bwiadczeniu jest gwarantem poprawno\u015bci wykonania i skuteczno\u015bci dzia\u0142ania instalacji odgromowej.<\/p>\n<\/div>\n\t\t\t<div class=\"sc_services_item_button sc_item_button\"><a href=\"https:\/\/www.instalacjeelektryczne.net\/?cpt_services=upgradesretrofitting\" class=\"sc_button sc_button_simple\">Learn more<\/a><\/div>\n\t\t\t<\/div>\n<\/div>\n<\/div><div class=\"trx_addons_column-1_3\"><div class=\"sc_services_item with_content with_icon sc_services_item_featured_left\">\n\t<a href=\"https:\/\/www.instalacjeelektryczne.net\/?cpt_services=power-quality-design\"\n\t\t\t id=\"sc_services_1120902931_icon-untitled-10\"\n\t\t\t class=\"sc_services_item_icon icon-untitled-10\"><\/a>\t\n\t<div class=\"sc_services_item_info\">\n\t\t<div class=\"sc_services_item_header\">\n\t\t\t\t\t\t<h6 class=\"sc_services_item_title\"><a href=\"https:\/\/www.instalacjeelektryczne.net\/?cpt_services=power-quality-design\">System sygnalizacji po\u017carowej<\/a><\/h6>\n\t\t\t<div class=\"sc_services_item_subtitle\"><a href=\"https:\/\/www.instalacjeelektryczne.net\/?cpt_services_group=commercial-services\" title=\"View all posts in Us\u0142ugi komercyjne\">Us\u0142ugi komercyjne<\/a><\/div>\t\t<\/div>\n\t\t\t\t\t<div class=\"sc_services_item_content\"><p>System sygnalizacji po\u017caru jest jednym z wa\u017cniejszych system\u00f3w instalowanych w budynkach. <\/p>\n<\/div>\n\t\t\t<div class=\"sc_services_item_button sc_item_button\"><a href=\"https:\/\/www.instalacjeelektryczne.net\/?cpt_services=power-quality-design\" class=\"sc_button sc_button_simple\">Learn more<\/a><\/div>\n\t\t\t<\/div>\n<\/div>\n<\/div><div class=\"trx_addons_column-1_3\"><div class=\"sc_services_item with_content with_icon sc_services_item_featured_left\">\n\t<a href=\"https:\/\/www.instalacjeelektryczne.net\/?cpt_services=data-system-wiring\"\n\t\t\t id=\"sc_services_1120902931_icon-untitled-10\"\n\t\t\t class=\"sc_services_item_icon icon-untitled-10\"><\/a>\t\n\t<div class=\"sc_services_item_info\">\n\t\t<div class=\"sc_services_item_header\">\n\t\t\t\t\t\t<h6 class=\"sc_services_item_title\"><a href=\"https:\/\/www.instalacjeelektryczne.net\/?cpt_services=data-system-wiring\">System kontroli dost\u0119pu<\/a><\/h6>\n\t\t\t<div class=\"sc_services_item_subtitle\"><a href=\"https:\/\/www.instalacjeelektryczne.net\/?cpt_services_group=commercial-services\" title=\"View all posts in Us\u0142ugi komercyjne\">Us\u0142ugi komercyjne<\/a><\/div>\t\t<\/div>\n\t\t\t\t\t<div class=\"sc_services_item_content\"><p>System kontroli dost\u0119pu ma za zadanie ograniczenie dost\u0119pu nieuprawnionych u\u017cytkownik\u00f3w do okre\u015blonych stref<\/p>\n<\/div>\n\t\t\t<div class=\"sc_services_item_button sc_item_button\"><a href=\"https:\/\/www.instalacjeelektryczne.net\/?cpt_services=data-system-wiring\" class=\"sc_button sc_button_simple\">Learn more<\/a><\/div>\n\t\t\t<\/div>\n<\/div>\n<\/div><div class=\"trx_addons_column-1_3\"><div class=\"sc_services_item with_content with_icon sc_services_item_featured_left\">\n\t<a href=\"https:\/\/www.instalacjeelektryczne.net\/?cpt_services=lightningsurge-protection\"\n\t\t\t id=\"sc_services_1120902931_icon-untitled-10\"\n\t\t\t class=\"sc_services_item_icon icon-untitled-10\"><\/a>\t\n\t<div class=\"sc_services_item_info\">\n\t\t<div class=\"sc_services_item_header\">\n\t\t\t\t\t\t<h6 class=\"sc_services_item_title\"><a href=\"https:\/\/www.instalacjeelektryczne.net\/?cpt_services=lightningsurge-protection\">System sygnalizacji w\u0142amania i napadu<\/a><\/h6>\n\t\t\t<div class=\"sc_services_item_subtitle\"><a href=\"https:\/\/www.instalacjeelektryczne.net\/?cpt_services_group=commercial-services\" title=\"View all posts in Us\u0142ugi komercyjne\">Us\u0142ugi komercyjne<\/a><\/div>\t\t<\/div>\n\t\t\t\t\t<div class=\"sc_services_item_content\"><p>System Sygnalizacji W\u0142amania i Napadu jest to system powszechnie stosowany zar\u00f3wno w domach jak i w obiektach komercyjnych<\/p>\n<\/div>\n\t\t\t<div class=\"sc_services_item_button sc_item_button\"><a href=\"https:\/\/www.instalacjeelektryczne.net\/?cpt_services=lightningsurge-protection\" class=\"sc_button sc_button_simple\">Learn more<\/a><\/div>\n\t\t\t<\/div>\n<\/div>\n<\/div><div class=\"trx_addons_column-1_3\"><div class=\"sc_services_item with_content with_icon sc_services_item_featured_left\">\n\t<a href=\"https:\/\/www.instalacjeelektryczne.net\/?cpt_services=parking-lot-sign-lighting\"\n\t\t\t id=\"sc_services_1120902931_icon-untitled-10\"\n\t\t\t class=\"sc_services_item_icon icon-untitled-10\"><\/a>\t\n\t<div class=\"sc_services_item_info\">\n\t\t<div class=\"sc_services_item_header\">\n\t\t\t\t\t\t<h6 class=\"sc_services_item_title\"><a href=\"https:\/\/www.instalacjeelektryczne.net\/?cpt_services=parking-lot-sign-lighting\">System telewizji przemys\u0142owej CCTV<\/a><\/h6>\n\t\t\t<div class=\"sc_services_item_subtitle\"><a href=\"https:\/\/www.instalacjeelektryczne.net\/?cpt_services_group=commercial-services\" title=\"View all posts in Us\u0142ugi komercyjne\">Us\u0142ugi komercyjne<\/a><\/div>\t\t<\/div>\n\t\t\t\t\t<div class=\"sc_services_item_content\"><p>Telewizja przemys\u0142owa to system pozwalaj\u0105cy na rejestrowanie obrazu przez jedn\u0105 do nawet kilkuset kamer przemys\u0142owych jednocze\u015bnie.<\/p>\n<\/div>\n\t\t\t<div class=\"sc_services_item_button sc_item_button\"><a href=\"https:\/\/www.instalacjeelektryczne.net\/?cpt_services=parking-lot-sign-lighting\" class=\"sc_button sc_button_simple\">Learn more<\/a><\/div>\n\t\t\t<\/div>\n<\/div>\n<\/div><div class=\"trx_addons_column-1_3\"><div class=\"sc_services_item with_content with_icon sc_services_item_featured_left\">\n\t<a href=\"https:\/\/www.instalacjeelektryczne.net\/?cpt_services=generator-ups-systems\"\n\t\t\t id=\"sc_services_1120902931_icon-untitled-10\"\n\t\t\t class=\"sc_services_item_icon icon-untitled-10\"><\/a>\t\n\t<div class=\"sc_services_item_info\">\n\t\t<div class=\"sc_services_item_header\">\n\t\t\t\t\t\t<h6 class=\"sc_services_item_title\"><a href=\"https:\/\/www.instalacjeelektryczne.net\/?cpt_services=generator-ups-systems\">Okablowanie strukturalne<\/a><\/h6>\n\t\t\t<div class=\"sc_services_item_subtitle\"><a href=\"https:\/\/www.instalacjeelektryczne.net\/?cpt_services_group=commercial-services\" title=\"View all posts in Us\u0142ugi komercyjne\">Us\u0142ugi komercyjne<\/a><\/div>\t\t<\/div>\n\t\t\t\t\t<div class=\"sc_services_item_content\"><p>Okablowanie strukturalne oznacza system okablowania teleinformatycznego umo\u017cliwiaj\u0105cy realizacj\u0119 okre\u015blonej konfiguracji po\u0142\u0105cze\u0144<\/p>\n<\/div>\n\t\t\t<div class=\"sc_services_item_button sc_item_button\"><a href=\"https:\/\/www.instalacjeelektryczne.net\/?cpt_services=generator-ups-systems\" class=\"sc_button sc_button_simple\">Learn more<\/a><\/div>\n\t\t\t<\/div>\n<\/div>\n<\/div><div class=\"trx_addons_column-1_3\"><div class=\"sc_services_item with_content with_icon sc_services_item_featured_left\">\n\t<a href=\"https:\/\/www.instalacjeelektryczne.net\/?cpt_services=inspections-testing\"\n\t\t\t id=\"sc_services_1120902931_icon-untitled-10\"\n\t\t\t class=\"sc_services_item_icon icon-untitled-10\"><\/a>\t\n\t<div class=\"sc_services_item_info\">\n\t\t<div class=\"sc_services_item_header\">\n\t\t\t\t\t\t<h6 class=\"sc_services_item_title\"><a href=\"https:\/\/www.instalacjeelektryczne.net\/?cpt_services=inspections-testing\">Sieci \u015bwiat\u0142owodowe<\/a><\/h6>\n\t\t\t<div class=\"sc_services_item_subtitle\"><a href=\"https:\/\/www.instalacjeelektryczne.net\/?cpt_services_group=commercial-services\" title=\"View all posts in Us\u0142ugi komercyjne\">Us\u0142ugi komercyjne<\/a><\/div>\t\t<\/div>\n\t\t\t\t\t<div class=\"sc_services_item_content\"><p>\u015awiat\u0142owodowe sieci stanowi\u0105 istotny element nowoczesnej instalacji teletechnicznej w budynkach<\/p>\n<\/div>\n\t\t\t<div class=\"sc_services_item_button sc_item_button\"><a href=\"https:\/\/www.instalacjeelektryczne.net\/?cpt_services=inspections-testing\" class=\"sc_button sc_button_simple\">Learn more<\/a><\/div>\n\t\t\t<\/div>\n<\/div>\n<\/div><div class=\"trx_addons_column-1_3\"><div class=\"sc_services_item with_content with_icon sc_services_item_featured_left\">\n\t<a href=\"https:\/\/www.instalacjeelektryczne.net\/?cpt_services=equipment-repairs\"\n\t\t\t id=\"sc_services_1120902931_icon-untitled-10\"\n\t\t\t class=\"sc_services_item_icon icon-untitled-10\"><\/a>\t\n\t<div class=\"sc_services_item_info\">\n\t\t<div class=\"sc_services_item_header\">\n\t\t\t\t\t\t<h6 class=\"sc_services_item_title\"><a href=\"https:\/\/www.instalacjeelektryczne.net\/?cpt_services=equipment-repairs\">Diagnostyka i lokalizacja uszkodze\u0144 kabli NN<\/a><\/h6>\n\t\t\t<div class=\"sc_services_item_subtitle\"><a href=\"https:\/\/www.instalacjeelektryczne.net\/?cpt_services_group=commercial-services\" title=\"View all posts in Us\u0142ugi komercyjne\">Us\u0142ugi komercyjne<\/a><\/div>\t\t<\/div>\n\t\t\t\t\t<div class=\"sc_services_item_content\"><p>Firma ElektroMix oferuje diagnostyk\u0119 i lokalizacj\u0119 uszkodzonych kabli niskiego napi\u0119cia<\/p>\n<\/div>\n\t\t\t<div class=\"sc_services_item_button sc_item_button\"><a href=\"https:\/\/www.instalacjeelektryczne.net\/?cpt_services=equipment-repairs\" class=\"sc_button sc_button_simple\">Learn more<\/a><\/div>\n\t\t\t<\/div>\n<\/div>\n<\/div><\/div><\/div><!-- \/.sc_services -->[vc_empty_space alter_height=&#8221;medium&#8221; hide_on_desktop=&#8221;&#8221; hide_on_notebook=&#8221;&#8221; hide_on_tablet=&#8221;&#8221; hide_on_mobile=&#8221;&#8221; css=&#8221;.vc_custom_1504163583550{margin-top: 1.4rem !important;}&#8221;][\/vc_column][\/vc_row][vc_row][vc_column][vc_empty_space alter_height=&#8221;huge&#8221; hide_on_desktop=&#8221;&#8221; hide_on_notebook=&#8221;&#8221; hide_on_tablet=&#8221;&#8221; hide_on_mobile=&#8221;&#8221;]<div  id=\"sc_promo_1655815091\" \n\tclass=\"sc_promo color_style_default sc_promo_default sc_promo_size_normal sc_promo_no_paddings sc_promo_image_position_right\"><div class=\"sc_promo_image\" style=\"background-image:url(https:\/\/www.instalacjeelektryczne.net\/wp-content\/uploads\/2020\/06\/1355_558.jpg);width:50%;right: 0;\"><\/div><div class=\"sc_promo_text\" style=\"width: 50%;float: left;\">\n\t\t\t<div class=\"sc_promo_text_inner sc_content_width_50%\" style=\"\"><h1 class=\"sc_item_title sc_promo_title sc_align_left sc_item_title_style_default sc_item_title_tag\">Us\u0142ugi naprawy awaryjnej<\/h1><div class=\"sc_item_descr sc_promo_descr sc_align_left\"><p>Ilekro\u0107 problemy elektryczne utrudniaj\u0105 prowadzenie dzia\u0142alno\u015bci, polegaj na ElektroMix, aby uzyska\u0107 szybkie i niedrogie us\u0142ugi naprawy elektrycznej. Dlatego jeste\u015bmy dost\u0119pni , aby rozwi\u0105za\u0107 problemy z elektryczno\u015bci\u0105.<\/p>\n<p>Zadzwo\u0144 teraz pod <a href=\"tel:+48 669 220 440\"> +48 669 220 440 <\/a>, aby uzyska\u0107 natychmiastowe us\u0142ugi elektryczne w Twoim domu lub Firmie.<\/p>\n<\/div><\/div>\n\t\t<\/div><!-- \/.sc_promo_text --><\/div><!-- \/.sc_promo -->[vc_empty_space hide_on_desktop=&#8221;&#8221; hide_on_notebook=&#8221;&#8221; hide_on_tablet=&#8221;&#8221; hide_on_mobile=&#8221;&#8221; css=&#8221;.vc_custom_1504164115480{margin-top: -0.6rem !important;}&#8221;][\/vc_column][\/vc_row]<\/p>\n","protected":false},"excerpt":{"rendered":"<p>[vc_row full_width=&#8221;stretch_row&#8221; css=&#8221;.vc_custom_1499355578003{background-color: #f6f6f6 !important;}&#8221;][vc_column width=&#8221;1\/2&#8243; offset=&#8221;vc_col-sm-offset-3&#8243;][vc_empty_space alter_height=&#8221;medium&#8221; hide_on_desktop=&#8221;&#8221; hide_on_notebook=&#8221;&#8221; hide_on_tablet=&#8221;&#8221; hide_on_mobile=&#8221;&#8221; css=&#8221;.vc_custom_1504163214664{margin-top: 0.15rem !important;}&#8221;][\/vc_column][vc_column][vc_empty_space alter_height=&#8221;medium&#8221; hide_on_desktop=&#8221;&#8221; hide_on_notebook=&#8221;&#8221; hide_on_tablet=&#8221;&#8221; hide_on_mobile=&#8221;&#8221; css=&#8221;.vc_custom_1504163583550{margin-top: 1.4rem !important;}&#8221;][\/vc_column][\/vc_row][vc_row][vc_column][vc_empty_space alter_height=&#8221;huge&#8221; hide_on_desktop=&#8221;&#8221; hide_on_notebook=&#8221;&#8221; hide_on_tablet=&#8221;&#8221; hide_on_mobile=&#8221;&#8221;][vc_empty_space hide_on_desktop=&#8221;&#8221; hide_on_notebook=&#8221;&#8221; hide_on_tablet=&#8221;&#8221; hide_on_mobile=&#8221;&#8221; css=&#8221;.vc_custom_1504164115480{margin-top: -0.6rem !important;}&#8221;][\/vc_column][\/vc_row]<\/p>\n","protected":false},"author":1,"featured_media":0,"parent":0,"menu_order":0,"comment_status":"closed","ping_status":"closed","template":"","meta":[],"_links":{"self":[{"href":"https:\/\/www.instalacjeelektryczne.net\/index.php?rest_route=\/wp\/v2\/pages\/182"}],"collection":[{"href":"https:\/\/www.instalacjeelektryczne.net\/index.php?rest_route=\/wp\/v2\/pages"}],"about":[{"href":"https:\/\/www.instalacjeelektryczne.net\/index.php?rest_route=\/wp\/v2\/types\/page"}],"author":[{"embeddable":true,"href":"https:\/\/www.instalacjeelektryczne.net\/index.php?rest_route=\/wp\/v2\/users\/1"}],"replies":[{"embeddable":true,"href":"https:\/\/www.instalacjeelektryczne.net\/index.php?rest_route=%2Fwp%2Fv2%2Fcomments&post=182"}],"version-history":[{"count":20,"href":"https:\/\/www.instalacjeelektryczne.net\/index.php?rest_route=\/wp\/v2\/pages\/182\/revisions"}],"predecessor-version":[{"id":873,"href":"https:\/\/www.instalacjeelektryczne.net\/index.php?rest_route=\/wp\/v2\/pages\/182\/revisions\/873"}],"wp:attachment":[{"href":"https:\/\/www.instalacjeelektryczne.net\/index.php?rest_route=%2Fwp%2Fv2%2Fmedia&parent=182"}],"curies":[{"name":"wp","href":"https:\/\/api.w.org\/{rel}","templated":true}]}}